{"id":294,"date":"2019-02-17T19:33:04","date_gmt":"2019-02-17T18:33:04","guid":{"rendered":"http:\/\/mademoisellejoe.com\/?page_id=294"},"modified":"2024-07-22T16:30:41","modified_gmt":"2024-07-22T14:30:41","slug":"info","status":"publish","type":"page","link":"https:\/\/mademoisellejoe.com\/index.php\/info\/","title":{"rendered":"INFOS ET POINTS DE VENTES"},"content":{"rendered":"\n<p class=\"has-text-align-left\">Apr\u00e8s des \u00e9tudes \u00e0 l&rsquo; \u00e9cole des Beaux Arts de Quimper en section Arts, &nbsp;<br> j ai continu\u00e9 la peinture et le dessin. <br>Puis,&nbsp; j&rsquo; ai commenc\u00e9 \u00e0 faire de la C\u00e9ramique.<br>J&rsquo; ai ensuite r\u00e9alis\u00e9&nbsp; une formation en C\u00e9ramique \u00e0 l&rsquo; \u00e9cole Cr\u00e9amik, dans le Morbihan. <br>Je m&rsquo; int\u00e9resse beaucoup aux tissus. Actuellement,&nbsp; j&rsquo; ai imprim\u00e9 des Torchons, sur le th\u00e8me de la Bretagne.<\/p>\n\n\n\n<p><strong>EXPOSITIONS<\/strong><\/p>\n\n\n\n<p>J&rsquo; ai expos\u00e9 chez ROCHE BOBOIS.<br>Et travaill\u00e9 avec Pierre HENRIOT ,&nbsp; pour le Mus\u00e9e de la Fa\u00efence de Quimper ou j&rsquo; exposais et vendais des c\u00e9ramiques.<\/p>\n\n\n\n<p><\/p>\n\n\n\n<p><\/p>\n\n\n\n<p><\/p>\n\n\n\n<p><strong>Vous Trouverez Le Torchon Breton:<\/strong><\/p>\n\n\n\n<p><strong>Pays Bigouden<\/strong>:<\/p>\n\n\n\n<p>Chez FLEURS DE CAROTTE , 1 Rue Pasteur ,  29120 Pont l&rsquo;abb\u00e9.  fleursdecarotte.fr<\/p>\n\n\n\n<p>MANOIR DE KERAZAN , 25 Rue de Suler,  29750 Loctudy<br><\/p>\n\n\n\n<p>OFFICE DU TOURISME  ,  9 Rue du Port,  29740  Plobannalec-Lesconil.<br><br><\/p>\n\n\n\n<p><strong>A  Concarneau :<\/strong><br><\/p>\n\n\n\n<p>BRUIT DE CASSEROLES , 10 Rue du Dumont D&rsquo;Urville, 29900 Concarneau.         valeriecocaud@bruitdecasseroles.com <br><\/p>\n\n\n\n<p>Mus\u00e9e de la P\u00eache , Ville Close , 29900 Concarneau.<\/p>\n\n\n\n<p><\/p>\n\n\n\n<ul class=\"wp-block-list\">\n<li><em><strong>Si vous souhaitez  commander directement vous pouvez m&rsquo; envoyer un Mail vit \u00e0 la page contact.<\/strong><\/em><\/li>\n<\/ul>\n","protected":false},"excerpt":{"rendered":"<p>Apr\u00e8s des \u00e9tudes \u00e0 l&rsquo; \u00e9cole des Beaux Arts de Quimper en section Arts, &nbsp; j ai continu\u00e9 la peinture et le dessin. Puis,&nbsp; j&rsquo; ai commenc\u00e9 \u00e0 faire de la C\u00e9ramique.J&rsquo; ai ensuite r\u00e9alis\u00e9&nbsp; une formation en C\u00e9ramique \u00e0 l&rsquo; \u00e9cole Cr\u00e9amik, dans le Morbihan. Je m&rsquo; int\u00e9resse beaucoup aux tissus. Actuellement,&nbsp; j&rsquo; ai &hellip; <\/p>\n<p class=\"link-more\"><a href=\"https:\/\/mademoisellejoe.com\/index.php\/info\/\" class=\"more-link\">Continuer la lecture<span class=\"screen-reader-text\"> de &laquo;&nbsp;INFOS ET POINTS DE VENTES&nbsp;&raquo;<\/span><\/a><\/p>\n","protected":false},"author":1,"featured_media":0,"parent":0,"menu_order":4,"comment_status":"closed","ping_status":"closed","template":"","meta":{"ngg_post_thumbnail":0,"footnotes":""},"class_list":["post-294","page","type-page","status-publish","hentry"],"_links":{"self":[{"href":"https:\/\/mademoisellejoe.com\/index.php\/wp-json\/wp\/v2\/pages\/294","targetHints":{"allow":["GET"]}}],"collection":[{"href":"https:\/\/mademoisellejoe.com\/index.php\/wp-json\/wp\/v2\/pages"}],"about":[{"href":"https:\/\/mademoisellejoe.com\/index.php\/wp-json\/wp\/v2\/types\/page"}],"author":[{"embeddable":true,"href":"https:\/\/mademoisellejoe.com\/index.php\/wp-json\/wp\/v2\/users\/1"}],"replies":[{"embeddable":true,"href":"https:\/\/mademoisellejoe.com\/index.php\/wp-json\/wp\/v2\/comments?post=294"}],"version-history":[{"count":33,"href":"https:\/\/mademoisellejoe.com\/index.php\/wp-json\/wp\/v2\/pages\/294\/revisions"}],"predecessor-version":[{"id":643,"href":"https:\/\/mademoisellejoe.com\/index.php\/wp-json\/wp\/v2\/pages\/294\/revisions\/643"}],"wp:attachment":[{"href":"https:\/\/mademoisellejoe.com\/index.php\/wp-json\/wp\/v2\/media?parent=294"}],"curies":[{"name":"wp","href":"https:\/\/api.w.org\/{rel}","templated":true}]}}

<p class="has-text-align-left">Après des études à l&rsquo; école des Beaux Arts de Quimper en section Arts, &nbsp;<br> j ai continué la peinture et le dessin. <br>Puis,&nbsp; j&rsquo; ai commencé à faire de la Céramique.<br>J&rsquo; ai ensuite réalisé&nbsp; une formation en Céramique à l&rsquo; école Créamik, dans le Morbihan. <br>Je m&rsquo; intéresse beaucoup aux tissus. Actuellement,&nbsp; j&rsquo; ai imprimé des Torchons, sur le thème de la Bretagne.</p>



<p><strong>EXPOSITIONS</strong></p>



<p>J&rsquo; ai exposé chez ROCHE BOBOIS.<br>Et travaillé avec Pierre HENRIOT ,&nbsp; pour le Musée de la Faïence de Quimper ou j&rsquo; exposais et vendais des céramiques.</p>



<p></p>



<p></p>



<p></p>



<p><strong>Vous Trouverez Le Torchon Breton:</strong></p>



<p><strong>Pays Bigouden</strong>:</p>



<p>Chez FLEURS DE CAROTTE , 1 Rue Pasteur ,  29120 Pont l&rsquo;abbé.  fleursdecarotte.fr</p>



<p>MANOIR DE KERAZAN , 25 Rue de Suler,  29750 Loctudy<br></p>



<p>OFFICE DU TOURISME  ,  9 Rue du Port,  29740  Plobannalec-Lesconil.<br><br></p>



<p><strong>A  Concarneau :</strong><br></p>



<p>BRUIT DE CASSEROLES , 10 Rue du Dumont D&rsquo;Urville, 29900 Concarneau.         valeriecocaud@bruitdecasseroles.com <br></p>



<p>Musée de la Pêche , Ville Close , 29900 Concarneau.</p>



<p></p>



<ul class="wp-block-list">
<li><em><strong>Si vous souhaitez  commander directement vous pouvez m&rsquo; envoyer un Mail vit à la page contact.</strong></em></li>
</ul>

<p>Après des études à l&rsquo; école des Beaux Arts de Quimper en section Arts, &nbsp; j ai continué la peinture et le dessin. Puis,&nbsp; j&rsquo; ai commencé à faire de la Céramique.J&rsquo; ai ensuite réalisé&nbsp; une formation en Céramique à l&rsquo; école Créamik, dans le Morbihan. Je m&rsquo; intéresse beaucoup aux tissus. Actuellement,&nbsp; j&rsquo; ai &hellip; </p>
<p class="link-more"><a href="https://mademoisellejoe.com/index.php/info/" class="more-link">Continuer la lecture<span class="screen-reader-text"> de &laquo;&nbsp;INFOS ET POINTS DE VENTES&nbsp;&raquo;</span></a></p>
